+ 10*z - 35 = 0. Suppose l - z = 10. Let o = 35 + -30. What is the remainder when l is divided by o?
2
Suppose -48*s + 1152 = -2448. Calculate the remainder when s is divided by 38.
37
Let v = 55 + -62. Let i(x) = -2*x - 6. Calculate the remainder when 78 is divided by i(v).
6
Let q be (13/(39/4))/((-2)/(-54)). Let j = q + -35. Calculate the remainder when 2 is divided by j.
0
Let w(b) = -b**2 - 24*b - 3. Calculate the remainder when w(-5) is divided by 9.
2
Suppose -5*o - 3*u + 7179 = 0, -5*u - 1035 - 4723 = -4*o. What is the remainder when o is divided by 36?
33
Calculate the remainder when ((-52)/10)/(1458/210 - 7) is divided by 55.
36
Suppose 2*k - 3*k = 0. Let o = k + 61. Let s = 47 - 31. What is the remainder when o is divided by s?
13
Suppose -27*u + 26*u + 285 = 0. Calculate the remainder when u is divided by 26.
25
Let l(p) = 4*p**2 - p + 2. Let w be l(1). Suppose -25 = -x - w*h, -h = -x + 5*x - 43. Let m = 22 + -19. What is the remainder when x is divided by m?
1
Let d(s) = -30*s + 3. Let j be d(-2). Suppose -6*x = -11*x + 50. Suppose -x*v + 7*v + j = 0. What is the remainder when v is divided by 9?
3
Let r(s) = 4*s + 35. Let o be r(-9). What is the remainder when o*(-33 + (-4 - 0 - -3)) is divided by 20?
14
Let d(b) = -b**3 - 21*b**2 - 5*b + 68. Calculate the remainder when d(-21) is divided by 41.
9
Suppose 46*n + 451 - 1279 = 0. Suppose -65 + 1 = -2*z. Calculate the remainder when z is divided by n.
14
Let q = -890 + 906. Calculate the remainder when 88 is divided by q.
8
Suppose -4*d = -13 + 5. Suppose 3*g + 4*p = 26, d*g + 3*p - 11 = 7. What is the remainder when g is divided by 4?
2
Suppose 0 = 3*u - 2*o + 177, 3*o + 22 = -u - 26. Suppose v = 2*v + 95. Let j = u - v. What is the remainder when j is divided by 20?
18
Suppose 32*b + 13*b = 5445. What is the remainder when 473 is divided by b?
110
Let l(h) = 22*h + 1. Let u be l(-4). Let q = u - -144. Suppose -2*z + 6 + 24 = 0. What is the remainder when q is divided by z?
12
Suppose -t + 2*x - 7 = 0, -15*t = -20*t - 3*x + 30. Suppose -3*u + 22 = -2*d, -2*u + t*u + d - 9 = 0. What is the remainder when 38 is divided by u?
6
Let z(i) = 14*i**2 - 6*i + 9. What is the remainder when z(2) is divided by 11?
9
Suppose 0 = 398*s - 400*s + 14. Let u(d) = d + 13. What is the remainder when u(-4) is divided by s?
2
Let z(l) = 3*l. Let f = -296 - -208. Let u = f - -120. What is the remainder when u is divided by z(6)?
14
Suppose 2*k = 3*y + 27, 5*k + 3*y - 67 + 10 = 0. Suppose -21 = -v + 13. Calculate the remainder when v is divided by k.
10
Suppose -f = -3*j - 5, 4*f = 3*j - 1 + 3. Let n(h) = -8*h - 5. What is the remainder when 32 is divided by n(j)?
10
Let f = 616 + -358. What is the remainder when f is divided by 33?
27
Let x(q) = -q**3 - 11*q**2 + 22*q - 45. Calculate the remainder when 24 is divided by x(-13).
3
Suppose 175 = i + 2*i + 2*a, a - 59 = -i. Let q = -20 + i. Let y = 60 - q. What is the remainder when 67 is divided by y?
21
Suppose -5*h + 1641 = 2*i, 4*i - 2431 = -2*h + 827. Calculate the remainder when i is divided by 17.
14
Let i(n) = -n**2 + 7. Suppose -9 = m + 3*p, -m - 6 = -0*m + 2*p. Let h = 6346 - 6333. What is the remainder when h is divided by i(m)?
6
Suppose -8*v - 4995 = -11*v. What is the remainder when v is divided by 98?
97
Suppose 4*w - 69 = 63. What is the remainder when w is divided by 121/7 - 15*(-24)/(-1260)?
16
Let f(h) = 7*h + 63. Let n(v) = -190*v - 1700. Let p(s) = -80*f(s) - 3*n(s). Calculate the remainder when 168 is divided by p(-5).
8
Suppose 5*u + 90 - 430 = -5*f, -5*u + 3*f = -332. What is the remainder when 333 is divided by u?
65
Suppose 5*v = -y + 65, -3*v + 2*y = 2*v - 80. Let c(a) = -a**3 + 7*a**2 - 2*a + 31. Calculate the remainder when c(6) is divided by v.
13
What is the remainder when 58 is divided by -2 + 8/((-75)/20 - -4)?
28
Let y be 41/(4/((-4)/1)). Let p = -34 - y. What is the remainder when 17 is divided by p?
3
Let k(t) = -t**2 + 10*t + 64. Calculate the remainder when k(0) is divided by 26.
12
Suppose -6*f + 7*f = 25. Let g = f - -28. Calculate the remainder when g is divided by 27.
26
Suppose -5*i + 178 = 3*r, -5*i - 5*r + 194 = 14. Let z be (2 + 3)*18/10. What is the remainder when i is divided by z/(10/(-8) - -2)?
11
Let r = 735 - 601. Calculate the remainder when r is divided by 23.
19
Let b(z) = -19*z - 3. Suppose -70 = -4*w + 78. Suppose -w = -3*f - a - 0*a, -f + 4*a + 34 = 0. Calculate the remainder when b(-3) is divided by f.
12
Let g(r) = -r**2 + 6. Let s(b) = 1. Let h(l) = -g(l) - 5*s(l). What is the remainder when 67 is divided by h(-5)?
11
Suppose -v - 12 = -4*v. Suppose 0 = 3*j - v*j. Suppose 2*n + 0*n = -x + 69, j = -4*n + 5*x + 117. Calculate the remainder when n is divided by 12.
9
Let f(p) = 9*p**2 + 17*p - 3. Let l be f(-8). Suppose 2*g + 25 = 5*u, g + 5 = -0*g. Calculate the remainder when 1/(-2) - l/(-46) is divided by u.
0
Suppose -3179 = -382*c + 3958 + 121. Suppose -5*s = 4*j - 1 - 39, 2*s + 2 = 2*j. What is the remainder when c is divided by j?
4
Let p be ((-3)/(-9))/((-7)/(-8295)). Suppose 0 = 4*s + s + p. Let b = 113 + s. What is the remainder when 134 is divided by b?
32
Suppose -4*h + 60 = -320. Suppose -2*j + 2*c - 145 = -5*j, c = -1. Calculate the remainder when h is divided by j.
46
Let j(v) = -10*v**3 + 5. Let q be 1/5 - (-132)/(-60). What is the remainder when j(q) is divided by 43?
42
Let l be (100/(-12))/(-5)*3. Calculate the remainder when 18*(2 - (-12)/(-9)) is divided by (1 + l)*2/4.
0
Let l = -26 + 48. Let t = 1 + l. Calculate the remainder when t is divided by 9.
5
Suppose 2*c - 288 = 3*g, g - 470 = -3*c - 4*g. Let o = -236 - -253. Calculate the remainder when c is divided by o.
14
Suppose f - 310 = -4*f. Suppose 3 = s, -29*z - 5*s + 103 = -25*z. Calculate the remainder when f is divided by z.
18
Suppose -3*c - 17 + 3 = l, 2*l = -c - 3. Let k(u) = 18*u**3 + u**2 - u. What is the remainder when k(l) is divided by (0 + 1)*9 + -2?
4
Suppose 31*z - 30*z = 10. What is the remainder when (-1)/(4/136*-2) is divided by z?
7
Let a(l) = -l + 8. Suppose 2*r + 2*s + 18 = 0, 0*r + s - 33 = 5*r. What is the remainder when 0 + (-1 + 0)*r is divided by a(6)?
1
Suppose -3*k - 5*r = 2*k - 370, 2*r = k - 83. What is the remainder when k is divided by 10?
7
Let c(p) = 3*p**2 - p**2 + 0*p**2 - 20 + 11 - 2*p. What is the remainder when c(4) is divided by 9?
6
Let r = -7 - -2. What is the remainder when 45 is divided by 3/r + 440/25?
11
Suppose -3*o = -3*w + 99, -4*w + 0*o - 2*o = -126. Let q = -50 + 208. Calculate the remainder when q is divided by w.
30
What is the remainder when 45/(-75) + 5538/30 is divided by 66?
52
Let c = -56 - -124. Calculate the remainder when c is divided by (-56)/10*(-25)/10.
12
Suppose 0 = -4*h + 4*g + 288, -h - 5*g = -4*h + 226. Calculate the remainder when h is divided by 36.
31
What is the remainder when 77 is divided by (-50622)/286*-1*(-2)/(-6)?
18
Let a = -385 + 394. What is the remainder when 28 is divided by a?
1
Suppose 22*n - 85 = 17*n. What is the remainder when 132 is divided by n?
13
Let w(n) = 12*n - 9. Let j(a) = -38*a + 27. Let k(d) = -4*j(d) - 11*w(d). What is the remainder when k(5) is divided by 31?
29
Calculate the remainder when 125 + -40 + (-6)/(-2) is divided by 18.
16
Suppose 3*r = 3*n - 19 + 1, r + 3 = 0. What is the remainder when (-92)/(-8)*(1 + 1) is divided by n?
2
Let h = -2 - -4. Suppose 3*d - h*j = 452, 3*j + 754 - 151 = 4*d. Calculate the remainder when d is divided by 38.
36
Suppose 4*w = w + p - 10, 4*w - p = -12. Let z(d) be the third derivative of d**5/12 + d**4/12 - 7*d**2. What is the remainder when 61 is divided by z(w)?
13
Suppose 21 = c - 4*v - 48, 3*c = -3*v + 237. Suppose 21 - c = -7*s. Calculate the remainder when s is divided by 3.
2
Let a(j) = -79*j. Let z(u) = 78*u - 1. Let i(w) = 6*a(w) + 7*z(w). Let n be i(2). Suppose -5*o + 53 + n = 0. What is the remainder when 151 is divided by o?
37
Suppose -4*s + 252 = 5*f, -4*f + 4*s + 218 = -s. What is the remainder when 259 is divided by f?
51
Let s = -176 - -435. Let t = s - 127. What is the remainder when t is divided by 45?
42
Suppose 2*i - 53 = -5. Suppose i = -4*p + 10*p. Suppose p*d = 2*n + 110, -28 - 22 = -2*d - 4*n. Calculate the remainder when 53 is divided by d.
26
What is the re